x + 10 = 0. Suppose 10 = y*f, -p + 3*f + 162 = -5*p. Let o = p - -77. List the prime factors of o.
5, 7
Suppose -5*d - 88 = -j, 2*j - 3*d + 6*d = 176. List the prime factors of j.
2, 11
Let g = -1847 - -3190. List the prime factors of g.
17, 79
Let r(w) = w**2 - w + 12. Let j be r(0). Let v(g) = -g**2 + 14*g - 4. What are the prime factors of v(j)?
2, 5
Suppose n + 5*t = 18, t - 4*t + 21 = 4*n. Suppose 197 = d + 5*h - 3*h, -n*d + 584 = -h. List the prime factors of d.
3, 5, 13
Suppose 0*v + 3*v = 0. Suppose -4*k + 164 = 5*q, k + v*q + q - 40 = 0. Suppose 2*x - 36 = -2*x + 5*m, -4*x = -3*m - k. What are the prime factors of x?
3
Let c(p) = 9*p**2 - 3*p - 4. Let u(v) = 5 + 8*v - 4 + v**2 + 4. Let y be u(-7). What are the prime factors of c(y)?
2, 19
Let m = 7 - 1. Suppose m*v + 2 = 62. What are the prime factors of v?
2, 5
List the prime factors of 1/(-5) - ((-12769407)/(-105))/(-27).
2, 563
Let m(y) = 2*y**3 - 16*y**2 + 19*y - 47. List the prime factors of m(10).
3, 181
Suppose 0 = 3*d - 23 + 5. Suppose 2*r - 208 = 2*m, 0 = -r + d*m - 2*m + 107. List the prime factors of r.
103
Let r(z) = -7*z**2 + 20*z - 13. Let j(x) = -15*x**2 + 41*x - 26. Let p(g) = 6*j(g) - 13*r(g). What are the prime factors of p(16)?
3, 5
Suppose -23*n - 21 + 136 = 0. Suppose 0 = -3*t - n*l + 556, -4*t + 751 = -0*t - 3*l. What are the prime factors of t?
11, 17
Let u(k) = k**3 + 13*k**2 + k + 10. Let l be u(-13). What are the prime factors of (16/4 - -5) + l?
2, 3
Let m be (7 + -2)*3/5. Let b be (m/9)/(1/9). Suppose -b = a - 23. List the prime factors of a.
2, 5
Let q = -155 + 230. Let m = q + 70. What are the prime factors of m?
5, 29
Let f = 1794 + -1541. List the prime factors of f.
11, 23
Suppose 53058 = 55*g - 8102. List the prime factors of g.
2, 139
List the prime factors of (-2 - -3) + (531 - -3).
5, 107
Suppose -4*z - 5*u = -0*u - 741, -375 = -2*z - u. Suppose 3*j - b - 135 = z, 3*j - 3*b = 330. What are the prime factors of j?
107
Let f be (-2)/(-4) - (-2)/(16/116). List the prime factors of (5/f)/(0 - 1/(-99)).
3, 11
Let z(q) = -q**3 + 4*q**2 + q. Let m be z(4). Suppose 8*b - m*b = 4. List the prime factors of 4/((-5)/6 + b).
2, 3
Suppose -4301 + 42989 = 16*g. List the prime factors of g.
2, 3, 13, 31
Let g be (6/4)/(9/42). Let r = g - 1. Let i(o) = 3*o - 5. What are the prime factors of i(r)?
13
Let v = 321 + -56. What are the prime factors of v?
5, 53
Suppose 3*u - 3 = -2*g + 9, -3*g + u + 7 = 0. Suppose -3*f - 2*f = g*d - 521, -4 = -2*d. What are the prime factors of f?
103
Let w be -1 - -4 - 3 - 2. Let k be (w - 1)/((-3)/2). Let b = 41 - k. List the prime factors of b.
3, 13
Let i be 49 + 2/6*3. Suppose 2*v - 50 = -4*l, -2*l + i = 2*v - 6*l. Suppose -2*y + v = -11. List the prime factors of y.
2, 3
Let w(p) be the second derivative of -p**5/20 - p**4/3 - 5*p**3/6 - p**2 - p. Let s(g) = -6*g - 27. Let c be s(-4). List the prime factors of w(c).
2
Suppose 4*w - 3786 = -2*l, 0 = -4*l - 4*w + 8*w + 7536. What are the prime factors of l?
3, 17, 37
Let z(x) = -x**3 - 7*x**2 + 7*x - 10. Let t be z(-8). Let b be (-6 - -4 - t) + 34. Let d = 56 - b. List the prime factors of d.
2, 11
Suppose -q - 5*f - 8 = -20, q + 2*f = 6. Suppose o = 4*o - 6. Suppose -5*i + 6 = -2*j, -4 + q = o*j - 3*i. List the prime factors of j.
2
Let i be -2*(9 - 3) - -3. Let k = 183 + i. List the prime factors of k.
2, 3, 29
Let k(z) = 107*z**3 - 7*z**2 + 2*z + 5. List the prime factors of k(2).
3, 31
Let b(m) = -m**3 + 23*m**2 - 5*m + 28. List the prime factors of b(22).
2, 3, 67
Let v(q) be the second derivative of -q**5/20 - 7*q**4/12 + q**2 - q. Let s be v(-7). What are the prime factors of 2/2*40/s?
2, 5
Let o(g) be the first derivative of g**3/3 + 4*g**2 + 18*g - 16. List the prime factors of o(-10).
2, 19
Suppose -3*z - z + 28 = 0. Let y(c) = 2*c + 7 - 6 + 2. What are the prime factors of y(z)?
17
Let i = -17 + -11. Let n be (-18)/(-8) + 7/i. What are the prime factors of (1 - n)*-46 - 3?
43
Let w(h) = h**3 - 4*h**2 + 9*h - 15. What are the prime factors of w(5)?
5, 11
Let v(k) = -318*k + 1. What are the prime factors of v(-2)?
7, 13
Suppose 0 = 5*b - 2*s - 25855, 3*b + s - 11822 = 3680. List the prime factors of b.
3, 1723
Suppose 5*x = k - 13, -3*k + 0*k - 2*x = -56. Let r(h) = -2*h**3 - 17*h**2 - 9*h + 12. Let c be r(-11). List the prime factors of c/k + (-4)/(-18).
2, 5
Suppose -9879 - 11055 = -9*o. What are the prime factors of o?
2, 1163
Suppose -13*h + 8*h = -30. Let f(i) be the third derivative of i**5/30 - i**4/3 + i**3/6 - i**2. List the prime factors of f(h).
5
Suppose 0 = -31*t + 3*t + 11732. List the prime factors of t.
419
Let h = 9 - -2. Let s(w) = w**3 - 10*w**2 - 12*w + 11. Let k be s(h). Let a(v) = v + 28. List the prime factors of a(k).
2, 7
Suppose -8*a + 20189 + 403 = 0. List the prime factors of a.
2, 3, 11, 13
Let w(g) = g**3 + 17*g**2 + 16*g - 11. Let l be w(-16). Let n = l - -13. What are the prime factors of (46 - 11) + (-4)/n?
3, 11
Let o = -14 + 45. Let v be (5/2 - 1)*50. Suppose -n = 5*r - 166, -3*r + n + v = -o. List the prime factors of r.
2, 17
Let z(f) = -f + 13. Let x be z(7). Let h(a) = 3*a**2 + 0 + 3*a**2 - 7 - a**3 + 6*a. What are the prime factors of h(x)?
29
Let k(u) = u**3 - 16*u**2 + 11*u + 32. List the prime factors of k(16).
2, 13
Suppose -10*t - 3076 = -11606. What are the prime factors of t?
853
Suppose u = 5*l - 22, u - 3*u = 2*l + 20. List the prime factors of 2/u - 1569/(-18).
3, 29
Let w(j) = -3*j**3 + 10*j**2 - 13*j - 17. Let q(l) = l**3 - 5*l**2 + 7*l + 8. Let f(n) = -5*q(n) - 2*w(n). What are the prime factors of f(-6)?
2, 3
Let z be (21 + -19)*(1/(-2) + 2). Suppose -3*w - w + 228 = 0. Suppose 0*h - z*h + w = 0. List the prime factors of h.
19
Suppose -19902 = -351*w + 320*w. What are the prime factors of w?
2, 3, 107
Let u(k) = -k**3 + 17*k**2 - 17*k + 19. Let h be u(16). Suppose 15 = -2*l + h*l. What are the prime factors of l?
3, 5
Let v = -3 + 5. Suppose 0 = -0*g + v*g. Suppose -u - u + 20 = g. What are the prime factors of u?
2, 5
Suppose -5560 = -16*b + 6808. List the prime factors of b.
773
Let r = 361 + 2. What are the prime factors of r?
3, 11
Let r = -585 + 822. List the prime factors of r.
3, 79
Let z(v) = v**3 + 2*v**2 + 11*v + 20. List the prime factors of z(9).
2, 5, 101
Let p(n) = n**3 - 11*n**2 + 10*n + 5. Let l be p(10). Suppose 0 = 3*b + 3, 5*j - 2*b = 11 + 1. Suppose j*g = -l + 27. List the prime factors of g.
11
Suppose 150 = -2*q + 8*q. Suppose 111*t + q = 116*t. List the prime factors of t.
5
Let s(p) = p**3 - 7*p**2 + 15*p - 1. Let k be s(6). Let g be (16 + -1)*24/12. Let l = k - g. What are the prime factors of l?
23
Suppose 3*p + 23 = 4*v - 12, -2*v - 4*p = 10. Let k(z) = -4*z + 16. Let w be k(v). List the prime factors of (-897)/(-21) + w/(-14).
43
Let b = -1958 + 3162. What are the prime factors of b?
2, 7, 43
Suppose -318 + 1690 = 2*i. What are the prime factors of i?
2, 7
Suppose 4*c + 17*f - 4941 = 12*f, -15 = 5*f. What are the prime factors of c?
3, 7, 59
Suppose 2*o + 13 = -o + 5*g, -3*g + 7 = -2*o. Suppose -2*u + 0*u + 54 = 4*m, -113 = -o*u - 3*m. What are the prime factors of u?
29
Suppose 2*u = 14 + 8. Suppose 32 = -3*x + x + z, 0 = x - 3*z + u. Let w = x + 20. What are the prime factors of w?
3
Let g(i) be the first derivative of i**3/3 + 10*i**2 - 69*i + 10. What are the prime factors of g(-25)?
2, 7
Let v(a) be the first derivative of 13/2*a**2 - 7 - 1/3*a**3 - 12*a. List the prime factors of v(9).
2, 3
Let l = -323 + 558. List the prime factors of (-1 - l)*(-2)/(-8)*-2.
2, 59
Let h(w) = -2*w**2 - 31*w - 29. Let g be h(-14). Let l(j) = j**2 + 7*j - 48. What are the prime factors of l(g)?
2, 53
Let z(f) = 144*f**3 + f**2 + f + 1. Let j be z(-1). Let b = j - -221. Suppose -4*c + c = -b. List the prime factors of c.
2, 13
Let f(v) = v**2 + 3*v - 11. Let q be f(-9). Let h(p) = p**3 + 2*p**2 + 3*p - 4. Let y be h(-3). Let c = y + q. What are the prime factors of c?
3, 7
Let w(a) = 3*a**3 - 14*a**2 + 9*a + 13. What are the prime factors of w(6)?
211
Let l(v) = -23*v. What are the prime factors of l(-1)?
23
Let u = -291 - -492. List the prime factors of u.
3, 67
Suppose 2266 = -12*g + 12550. What are the prime factors of g?
857
Suppose -3*a = -5*u - 1286, 3*a + 2*u + 588 = 1909. What are the prime fa